to base 4
-10112
Convert 2370a (base 13) to base 5.
4034111
-3710 (base 9) to base 15
-c43
1aa8 (base 14) to base 5
123402
Convert -532 (base 8) to base 14.
-1aa
Convert 3130332 (base 4) to base 2.
11011100111110
Convert -a54 (base 11) to base 15.
-599
-1035 (base 8) to base 9
-661
What is -18a29 (base 11) in base 9?
-40347
-1424 (base 7) to base 12
-3a5
2611 (base 9) to base 10
1954
What is -8750 (base 9) in base 4?
-1210230
-1168 (base 16) to base 7
-15664
-122210 (base 3) to base 9
-583
What is 440 (base 11) in base 6?
2240
What is -25434 (base 8) in base 10?
-11036
Convert -143 (base 13) to base 11.
-194
What is -10101010101 (base 2) in base 3?
-1212120
100100 (base 3) to base 12
190
What is 2112332 (base 5) in base 2?
1000101000001110
-c91b (base 13) to base 3
-1102021200
Convert 551143 (base 6) to base 5.
2430024
Convert -23d41 (base 14) to base 12.
-42899
-110011011001111 (base 2) to base 4
-12123033
-87a (base 11) to base 15
-4a5
What is -1 (base 9) in base 7?
-1
Convert -2662 (base 7) to base 5.
-13044
What is 110000001001 (base 2) in base 8?
6011
What is -3141 (base 5) in base 4?
-12211
Convert -100102110 (base 3) to base 10.
-6870
What is -57534 (base 8) in base 13?
-b15b
-1025 (base 12) to base 11
-1358
21646 (base 8) to base 13
4200
184a (base 12) to base 13
1450
What is a208 (base 14) in base 12?
14140
What is -1122000 (base 3) in base 10?
-1188
-107184 (base 9) to base 3
-10021012211
Convert 50246 (base 8) to base 12.
bb46
-3128 (base 11) to base 3
-12200111
Convert 2758 (base 12) to base 2.
1000110110100
What is -38130 (base 9) in base 13?
-b880
What is 1a09 (base 12) in base 15?
e1c
What is 2852 (base 10) in base 3?
10220122
4701 (base 8) to base 16
9c1
What is 1012210 (base 3) in base 14?
473
What is -3165 (base 7) in base 16?
-465
Convert -22505 (base 6) to base 11.
-2458
What is 1e21 (base 16) in base 2?
1111000100001
Convert -a55 (base 11) to base 14.
-66a
What is 21505 (base 7) in base 14?
1d75
Convert 687 (base 11) to base 6.
3445
What is -1b5b (base 14) in base 2?
-1001101110101
-13a3 (base 11) to base 9
-2427
-22 (base 4) to base 16
-a
Convert 6e9 (base 15) to base 13.
939
What is -284b (base 14) in base 6?
-52551
72ba (base 14) to base 8
46464
11023210 (base 4) to base 10
21220
What is 3dbe (base 15) in base 10?
13229
Convert -2760 (base 8) to base 10.
-1520
What is -5411 (base 10) in base 14?
-1d87
What is -503 (base 10) in base 5?
-4003
1074 (base 12) to base 2
11100011000
Convert -716 (base 13) to base 16.
-4b2
What is -6801 (base 9) in base 5?
-130043
Convert 190 (base 15) to base 5.
2420
242143 (base 5) to base 9
13363
What is -211 (base 3) in base 9?
-24
5c4 (base 13) to base 5
13010
27286 (base 9) to base 8
44041
Convert 15 (base 6) to base 15.
b
What is 1143 (base 7) in base 15?
1d3
Convert -131 (base 13) to base 12.
-155
-985 (base 16) to base 4
-212011
What is 1033 (base 10) in base 9?
1367
What is 21032 (base 7) in base 3?
21002102
-4137 (base 8) to base 15
-97d
What is 20060 (base 11) in base 16?
72a4
Convert 222 (base 11) to base 15.
12b
Convert 1410 (base 11) to base 7.
5216
Convert 110000100000011 (base 2) to base 6.
310551
Convert d9 (base 15) to base 16.
cc
Convert 7a2 (base 11) to base 8.
1677
Convert -5999 (base 10) to base 14.
-2287
10203 (base 4) to base 9
353
What is 3566 (base 7) in base 11?
aa2
What is -41041 (base 6) in base 4?
-1110301
Convert 434244 (base 5) to base 13.
6a5c
-3121 (base 7) to base 10
-1093
Convert 2221211 (base 4) to base 8.
25145
What is 210 (base 8) in base 3?
12001
What is -1403 (base 5) in base 10?
-228
-212 (base 7) to base 6
-255
100010101010 (base 2) to base 8
4252
3020 (base 4) to base 16
c8
What is 12001022 (base 3) in base 8?
7140
Convert 222211010 (base 3) to base 7.
111000
What is 111557 (base 8) in base 4?
21031233
What is -112200122 (base 3) in base 8?
-24725
Convert -10000001000110111 (base 2) to base 5.
-4103403
Convert -1121120121 (base 3) to base 7.
-161422
What is 123302 (base 4) in base 11?
1377
Convert 4034 (base 5) to base 14.
291
Convert -1337 (base 9) to base 2.
-1111101110
What is 22685 (base 9) in base 3?
202202212
What is -8 (base 12) in base 11?
-8
What is -1b2 (base 14) in base 10?
-352
122232 (base 4) to base 16
6ae
-45323 (base 6) to base 11
-4887
324 (base 7) to base 13
c9
Convert -159 (base 10) to base 11.
-135
Convert -106a (base 12) to base 10.
-1810
Convert 2300 (base 5) to base 12.
231
What is -203412 (base 6) in base 7?
-65450
Convert -145 (base 10) to base 16.
-91
Convert -19e9 (base 15) to base 8.
-12763
What is 155 (base 7) in base 3?
10022
38a7 (base 11) to base 9
6862
-1164 (base 7) to base 11
-369
865 (base 11) to base 9
1374
What is 11000110000111 (base 2) in base 13?
5a04
What is 1122 (base 10) in base 12?
796
What is 7626 (base 8) in base 5?
111430
What is 172 (base 12) in base 5?
1410
What is 2102 (base 3) in base 10?
65
Convert -1431 (base 14) to base 2.
-110111110011
-62d6 (base 14) to base 4
-10022110
Convert -1b0 (base 15) to base 7.
-1065
-21211010 (base 4) to base 10
-39236
What is 111011110 (base 2) in base 10?
478
What is 304 (base 5) in base 16?
4f
Convert 2870 (base 9) to base 15.
999
Convert -c2a6 (base 14) to base 10.
-33466
257a (base 13) to base 3
21022210
What is 649 (base 13) in base 9?
1424
What is 88de (base 15) in base 14?
a801
-197b8 (base 13) to base 6
-1021540
Convert -35063 (base 7) to base 8.
-21403
Convert f7be (base 16) to base 7.
352622
What is 1531 (base 10) in base 4?
113323
What is -34b (base 13) in base 8?
-1072
Convert 331 (base 8) to base 13.
139
Convert 430 (base 13) to base 7.
2041
-5595 (base 13) to base 14
-44da
Convert -22657 (base 12) to base 2.
-1011001100100011
What is -b6a (base 14) in base 11?
-1766
What is -3372 (base 9) in base 3?
-10102102
What is -33044 (base 6) in base 12?
-2784
Convert -1025 (base 11) to base 7.
-3650
1a698 (base 12) to base 8
114124
Convert 21100 (base 4) to base 9.
727
Convert 13e88 (base 16) to base 4.
103322020
2511 (base 7) to base 14
4b1
Convert 20022 (base 4) to base 10.
522
Convert 151 (base 9) to base 13.
9a
What is 1583 (base 15) in base 2?
1001000001111
Convert -632 (base 7) to base 9.
-382
What is -13716 (base 15) in base 10?
-62346
Convert -14410 (base 6) to base 16.
-906
What is -540 (base 9) in base 5?
-3231
What is -222200210 (base 3) in base 13?
-8b20
Convert -1030 (base 5) to base 4.
-2030
What is cd89 (base 15) in base 3?
2012202010
Convert -2715 (base 8) to base 5.
-21420
Convert 4628 (base 9) to base 3.
11200222
191 (base 15) to base 9
441
Convert 664 (base 9) to base 5.
4134
1204400 (base 6) to base 11
4354a
Convert -895 (base 10) to base 7.
-2416
Convert -37b (base 12) to base 6.
-2235
Convert -16534 (base 8) to base 13.
-3562
What is -303020 (base 5) in base 13?
-459a
4250 (base 6) to base 14
4d0
675a (base 12) to base 16
2cb6
Convert -b1 (base 13) to base 15.
-99
-136c (base 13) to base 16
-aea
What is 743 (base 10) in base 2?
1011100111
-12756 (base 8) to base 4
-1113232
What is 14034 (base 5) in base 14?
5ba
What is -31351 (base 6) in base 11?
-3208
-2b0c0 (base 13) to base 15
-191ea
Convert -3055 (base 7) to base 10.
-1069
What is b18 (base 16) in base 15?
c95
Convert -3da (base 16) to base 14.
-506
What is 14a21 (base 13) in base 9?
58526
Convert -4846 (base 11) to base 5.
-200332
5c1 (base 13) to base 3
1101010
Convert 34312 (base 5) to base 10.
2457
What is 17b (base 13) in base 4?
10033
-1a3a (base 12) to base 16
-c8e
3329 (base 11) to base 10
4387
Convert 20614 (base 7) to base 9.
7004
1180 (base 11) to base 13
916
100110001010 (base 2) to base 15
acc
What is 200021102 (base 3) in base 11?
a011
c6 (base 16) to base 11
170
Convert -43da (base 16) to base 14.
-648a
Convert 12013123 (base 4) to base 2.
110000111011011
10a8 (base 12) to base 6
12332
What is 2391 (base 14) in base 13?
2a92
-96c (base 14) to base 7
-5265
What is 10d (base 16) in base 4?
10031
What is 226 (base 14) in base 9?
523
20e (base 16) to base 8
1016
2258 (base 11) to base 16
b97
Convert -3305 (base 8) to base 16.
-6c5
-903 (base 12) to base 9
-1703
Convert -21223 (base 12) to base 5.
-2343030
Convert -42628 (base 10) to base 6.
-525204
Convert 88 (base 10) to base 9.
107
Convert 3814 (base 14) to base 2.
10011001011010
-21b (base 12) to base 7
-623
605 (bas